3, 7
Let k be 1/(-3) + 10/3. Suppose k*o + 2*o = 40. List the prime factors of (-2)/(-8) + 86/o.
11
Suppose 2*r - 9 = -a, 4*r + 10 + 7 = 5*a. Suppose 5*d = 4*f - 87, -r*d - 4*f = -0*d + 18. Let p = 29 + d. What are the prime factors of p?
2, 7
Let s(n) = 5*n**2 + 3*n - 2. List the prime factors of s(2).
2, 3
Let j = -5 + 40. What are the prime factors of j?
5, 7
Let l = 71 + -32. What are the prime factors of l?
3, 13
Suppose 3*t - t = 28. Suppose -2*a - t = -3*a. What are the prime factors of a?
2, 7
Let z be 3/(-9)*(-3 + -12). List the prime factors of 9 + (-1 - z)/3.
7
Let d = 10 + -7. Suppose d*c - 3 = 2*c. List the prime factors of c.
3
Let n be (4/10)/((-7)/(-35)). Suppose n*y + 2*y - 63 = 3*o, -3*y + 41 = -o. List the prime factors of y.
2, 3
Let y(w) = -w**2 + 4*w + 1. Let s(f) = f**2 - 7*f + 3. Let z be s(7). What are the prime factors of y(z)?
2
List the prime factors of (128/40)/(1/((-250)/(-4))).
2, 5
Let f(u) = -u**3 - 10*u**2 + 3. Let b be f(-10). Suppose b*v = 3*q - 33, 3*q - 48 = -q + 3*v. List the prime factors of q.
3, 5
Let b(s) = -s**2 - 6*s - 7. Let h be b(-7). List the prime factors of (-2)/7 - 116/h.
2
Let w(j) be the second derivative of j**4/12 - j**3/2 - 3*j**2 + 3*j. Suppose 2*v - 7*v + 25 = 0. List the prime factors of w(v).
2
Let y = -24 + 59. What are the prime factors of y?
5, 7
Let l = 14 - -3. What are the prime factors of l?
17
Let j = -127 - -205. Suppose -c + j = 2*c. List the prime factors of c.
2, 13
Let y = -1 + 31. Let p = -14 + y. Suppose -3*l + 17 = -p. What are the prime factors of l?
11
Suppose -9 - 3 = -i - 3*q, 3*q - 21 = -2*i. What are the prime factors of i?
3
Let q = 83 - 14. Let w = -43 + q. List the prime factors of w.
2, 13
List the prime factors of 1422/135*3 - 4/(-10).
2
Suppose 6 = 4*r + a, r + 2*a + 3*a + 8 = 0. Suppose 17 = -r*o - 2*z + 109, 0 = 3*z + 12. List the prime factors of (-12)/(-18) + o/6.
3
Let d = -32 - -20. Let v be (3 - -1)*(-9)/d. Suppose -2*p + 7*p - 80 = -5*x, 2*x - v*p - 57 = 0. List the prime factors of x.
3, 7
Let k(w) = w**2 - w - 3. List the prime factors of k(-5).
3
Let z = 0 + -1. Suppose 0 = 4*o - 17 + 1. Let a = o + z. List the prime factors of a.
3
Let a be ((-10)/(-8))/(2/8). Suppose 0 = a*q - 0*q. Suppose -5*i + 19 + 6 = q. What are the prime factors of i?
5
Let u = -104 - -134. List the prime factors of u.
2, 3, 5
Let y = -264 + 473. List the prime factors of y.
11, 19
Let h be 4/(4/(-2) + 4). Suppose 2*m = -h*m + 72. Suppose -c + m = -0*c. List the prime factors of c.
2, 3
Suppose -2*o + 40 = -16. What are the prime factors of o?
2, 7
Suppose -3*c + 6*k + 35 = 2*k, 4*c - 4*k = 40. List the prime factors of c.
5
Suppose 50 = p - 100. Suppose -5*x + 5*b + p = 0, -x - 3*b = -0 - 26. What are the prime factors of x?
29
Suppose 3*c = 3*s, 5*c = -0*c - 4*s. Suppose -2*j + 6 = -5*z + 38, c = -3*j - 4*z - 25. List the prime factors of (j/(-2))/(3/6).
11
Let l(z) = 3*z**2 - 5*z. Let g be l(4). List the prime factors of 665/g - 6/8.
23
Suppose -3*i + 375 - 42 = -4*d, 2*i - 222 = -d. What are the prime factors of i?
3, 37
Let s(z) = -z**2 + 32*z - 1. What are the prime factors of s(26)?
5, 31
Let m(x) = 4*x**2 - 2*x + 3. What are the prime factors of m(3)?
3, 11
Let z = 113 + -191. Suppose 0 = 4*y - h + 15, 2*y = -2*h + 4 - 14. What are the prime factors of z/(-15)*(-10)/y?
13
Let z be 3/(-6) + (-501)/6. List the prime factors of z/9*6/(-4).
2, 7
Let f(a) = 16*a**2 - 10*a + 10. List the prime factors of f(4).
2, 113
Suppose 5*l = -2*f, 18 = 2*l + 2*l - 2*f. Let p be ((-1)/l)/((-2)/(-8)). Let a = p + 14. List the prime factors of a.
2, 3
Let o(z) be the third derivative of z**6/120 - 7*z**5/60 + z**4/12 + z**3/3 - z**2. List the prime factors of o(7).
2
Suppose 0 = -6*f + 8*f - 6. List the prime factors of f.
3
Let w = 7 - 3. Suppose m = 21 - w. What are the prime factors of m?
17
Suppose 5*l - 188 = -4*u, 27 + 111 = 4*l - 3*u. What are the prime factors of l?
2, 3
Let n(d) = 5 - 2*d - 2*d**2 + 3*d**2 - 6 + 8*d**2. What are the prime factors of n(-1)?
2, 5
Suppose 0 = 5*b - 0*b + 75. Let o = 0 - b. What are the prime factors of o?
3, 5
Suppose 0 = -3*n + 13 - 1. Suppose 3*m = -2*m + 4*u + 37, -m + 17 = -n*u. Suppose -11 = -m*z + 9. List the prime factors of z.
2
List the prime factors of (-7 - -59) + 0/(-2).
2, 13
Suppose 0 = 4*g + d - 145, -4*d = -4. List the prime factors of g.
2, 3
What are the prime factors of (-1540)/(-12) - 3/9?
2
Let b = -15 - -21. Let r = 18 - b. Let k = r - 3. List the prime factors of k.
3
Suppose -5*n + 10*n = 25. Suppose -n*b + 33 = 3. Suppose -4*a + 18 = b. List the prime factors of a.
3
Let w(q) = q**3 + 12*q**2 - 25. List the prime factors of w(-11).
2, 3
Suppose -3*y = y - 104. What are the prime factors of y?
2, 13
Let g be (-6)/4*(-1 - 1). List the prime factors of 28 + -2 - g - 3.
2, 5
Let j = 10 - -1. Let m(z) = 3*z**2. Let w be m(1). Suppose w*s - j = 43. What are the prime factors of s?
2, 3
Let w = 65 + -39. List the prime factors of w.
2, 13
Let i(w) = -35*w - 1. What are the prime factors of i(-1)?
2, 17
Suppose 0 = -3*z - a + 20 + 93, -z - a + 37 = 0. What are the prime factors of z?
2, 19
Let t(h) = 5*h - 8. Suppose 0 = 3*s + 2*s - 30. What are the prime factors of t(s)?
2, 11
Suppose 0*t = -3*t + 3*v + 222, -4*t - 2*v = -278. What are the prime factors of t?
71
Let d(l) = -8*l + 2. Let o be d(2). Let y = 24 + o. List the prime factors of y.
2, 5
Let z = 7 + -5. Suppose -z*i = i. Suppose i = -4*g + 3*g + 9. List the prime factors of g.
3
Let a be 6/4*(-10)/(-3). Suppose 0*q - 2*q - 4*w + 18 = 0, 6 = -3*q + a*w. Suppose -q*f + 32 = f. List the prime factors of f.
2
Suppose 4*y = 35 + 41. What are the prime factors of y?
19
Let x = -15 + 13. Let c = -8 - -16. What are the prime factors of 37/4 + x/c?
3
Suppose -5*y + 22 = h, 11 + 5 = 4*y. Suppose -3*s + 4 = -h. Suppose s*v - 1 = 3. List the prime factors of v.
2
List the prime factors of 506/6 + 18/27.
5, 17
Suppose 5*w = 5 + 15. Let k = w + 23. List the prime factors of k.
3
Let r(j) = -j**2 + 14*j - 10. Let l be r(13). Suppose -l*s = -2*q + 25, -q + 2*s + 79 = 4*q. What are the prime factors of q?
17
Let o = -83 - -93. List the prime factors of o.
2, 5
Suppose -2*p - 2*c = 56, -4*c + 100 = -3*p + c. What are the prime factors of p/(-135) - 250/(-9)?
2, 7
Let g(f) be the second derivative of 7*f**5/20 + f**4/12 - f**3/6 + f**2/2 - f. What are the prime factors of g(1)?
2
Suppose 12*q - 16*q = -376. List the prime factors of q.
2, 47
Suppose -13 = -x - 3. What are the prime factors of x?
2, 5
Suppose -3*n = -2*n. Let b = 0 - n. Let d(p) = -p**2 + p + 7. What are the prime factors of d(b)?
7
Suppose 6*y - y + 2*m - 14 = 0, -5*m + 2 = -4*y. Let l be (1 + 5)/(y + -1). Let c(r) = -r**3 + 5*r**2 + 7*r + 4. List the prime factors of c(l).
2, 5
Suppose 3*j = 10*j - 1113. List the prime factors of j.
3, 53
Let s(p) = p + 11. What are the prime factors of s(8)?
19
Let q = -2 + 17. Let y = q + -7. List the prime factors of y.
2
Let d(z) = z**3 + 10*z**2 + 8*z - 14. What are the prime factors of d(-7)?
7, 11
Let s be (-3 + 6/(-3))*1. Let n = 10 + s. Suppose 0*h - n = 5*h, -5*u + 12 = 3*h. List the prime factors of u.
3
Let c be 4/10 - (-13)/5. Let f be -68 - 1*(-1)/(-1). What are the prime factors of c/(-2 - f/30)?
2, 5
Suppose -15 + 0 = 3*o. Let b(m) = -5*m - 7. List the prime factors of b(o).
2, 3
Let k = 17 - -13. What are the prime factors of k?
2, 3, 5
Let f be 3/(-3) + (-1)/(-1). Suppose f = -4*b + 20 + 4. List the prime factors of b.
2, 3
Let w be 3 + (2 - (6 + 1)). Let s be (-1)/3 + (-70)/6. List the prime factors of (-1)/(0 - w/s).
2, 3
Let f = 9 - 6. Let m(k) = 4*k + 3*k - 4*k + 3*k - k**2 - 2. List the prime factors of m(f).
7
Let q = -135 + 183. List the prime factors of q.
2, 3
Let m(k) = k**3 + 8*k**2 - 12*k + 2. List the prime factors of m(-9).
29
Suppose 1 = 2*l - 15. Let c be ((-8)/(-2))/(l/64). Suppose -3*n = -5*n + c. What are the prime factors of n?
2
Let a(u) = 7*u - 4. Let b(r) = -3*r + 2. Let k(g) = 6*a(g) + 13*b(g). Let l be k(-3). Let z = -4 - l. What are the prime factors of z?
3
List the prime factors of 4/(-4)*5 + 305.
2, 3, 5
Let r(i) = i + 2. Let d be r(1). Suppose -5 = -5*c + 5. Suppose n - m = 17, -31 = -c*n - d*m + 2*m. List the prime factors of n.
2
